{"id":33,"date":"2025-12-29T10:00:42","date_gmt":"2025-12-29T13:00:42","guid":{"rendered":"http:\/\/beckersautomacao-com-br.umbler.net\/?page_id=33"},"modified":"2026-04-15T15:17:19","modified_gmt":"2026-04-15T18:17:19","slug":"automacao","status":"publish","type":"page","link":"https:\/\/beckers.ind.br\/?page_id=33","title":{"rendered":"Automa\u00e7\u00e3o"},"content":{"rendered":"\t\t<div data-elementor-type=\"wp-page\" data-elementor-id=\"33\" class=\"elementor elementor-33\" data-elementor-post-type=\"page\">\n\t\t\t\t<div class=\"elementor-element elementor-element-b1ad541 e-flex e-con-boxed e-con e-parent\" data-id=\"b1ad541\" data-element_type=\"container\" data-settings=\"{&quot;background_background&quot;:&quot;classic&quot;}\">\n\t\t\t\t\t<div class=\"e-con-inner\">\n\t\t<div class=\"elementor-element elementor-element-69907c7 e-con-full e-flex e-con e-child\" data-id=\"69907c7\" data-element_type=\"container\">\n\t\t<div class=\"elementor-element elementor-element-ba78e18 e-con-full e-flex e-con e-child\" data-id=\"ba78e18\" data-element_type=\"container\">\n\t\t\t\t<div class=\"elementor-element elementor-element-b937735 elementor-widget elementor-widget-spacer\" data-id=\"b937735\" data-element_type=\"widget\" data-widget_type=\"spacer.default\">\n\t\t\t\t\t\t\t<div class=\"elementor-spacer\">\n\t\t\t<div class=\"elementor-spacer-inner\"><\/div>\n\t\t<\/div>\n\t\t\t\t\t\t<\/div>\n\t\t\t\t<\/div>\n\t\t\t\t<\/div>\n\t\t\t\t\t<\/div>\n\t\t\t\t<\/div>\n\t\t<div class=\"elementor-element elementor-element-7655063 e-flex e-con-boxed e-con e-parent\" data-id=\"7655063\" data-element_type=\"container\" data-settings=\"{&quot;background_background&quot;:&quot;gradient&quot;,&quot;shape_divider_top&quot;:&quot;zigzag&quot;,&quot;shape_divider_bottom&quot;:&quot;tilt&quot;}\">\n\t\t\t\t\t<div class=\"e-con-inner\">\n\t\t\t\t<div class=\"elementor-shape elementor-shape-top\" aria-hidden=\"true\" data-negative=\"false\">\n\t\t\t<svg xmlns=\"http:\/\/www.w3.org\/2000\/svg\" viewBox=\"0 0 1800 5.8\" preserveAspectRatio=\"none\">\n  <path class=\"elementor-shape-fill\" d=\"M5.4.4l5.4 5.3L16.5.4l5.4 5.3L27.5.4 33 5.7 38.6.4l5.5 5.4h.1L49.9.4l5.4 5.3L60.9.4l5.5 5.3L72 .4l5.5 5.3L83.1.4l5.4 5.3L94.1.4l5.5 5.4h.2l5.6-5.4 5.5 5.3 5.6-5.3 5.4 5.3 5.6-5.3 5.5 5.3 5.6-5.3 5.5 5.4h.2l5.6-5.4 5.4 5.3L161 .4l5.4 5.3L172 .4l5.5 5.3 5.6-5.3 5.4 5.3 5.7-5.3 5.4 5.4h.2l5.6-5.4 5.5 5.3 5.6-5.3 5.5 5.3 5.6-5.3 5.4 5.3 5.6-5.3 5.5 5.4h.2l5.6-5.4 5.5 5.3L261 .4l5.4 5.3L272 .4l5.5 5.3 5.6-5.3 5.5 5.3 5.6-5.3 5.5 5.4h.1l5.7-5.4 5.4 5.3 5.6-5.3 5.5 5.3 5.6-5.3 5.4 5.3 5.7-5.3 5.4 5.4h.2l5.6-5.4 5.5 5.3L361 .4l5.5 5.3 5.6-5.3 5.4 5.3 5.6-5.3 5.5 5.3 5.6-5.3 5.5 5.4h.1l5.7-5.4 5.4 5.3 5.6-5.3 5.5 5.3 5.6-5.3 5.5 5.3 5.6-5.3 5.5 5.4h.1l5.6-5.4 5.5 5.3L461 .4l5.5 5.3 5.6-5.3 5.4 5.3 5.7-5.3 5.4 5.3 5.6-5.3 5.5 5.4h.2l5.6-5.4 5.5 5.3 5.6-5.3 5.4 5.3 5.6-5.3 5.5 5.3 5.6-5.3 5.5 5.4h.1L550 .4l5.4 5.3L561 .4l5.5 5.3 5.6-5.3 5.5 5.3 5.6-5.3 5.4 5.3 5.6-5.3 5.5 5.4h.2l5.6-5.4 5.5 5.3 5.6-5.3 5.4 5.3 5.7-5.3 5.4 5.3 5.6-5.3 5.5 5.4h.2L650 .4l5.5 5.3 5.6-5.3 5.4 5.3 5.6-5.3 5.5 5.3 5.6-5.3 5.5 5.3 5.6-5.3 5.4 5.4h.2l5.6-5.4 5.5 5.3 5.6-5.3 5.5 5.3 5.6-5.3 5.4 5.3 5.6-5.3 5.5 5.4h.2L750 .4l5.5 5.3 5.6-5.3 5.4 5.3 5.7-5.3 5.4 5.3 5.6-5.3 5.5 5.3 5.6-5.3 5.5 5.4h.1l5.7-5.4 5.4 5.3 5.6-5.3 5.5 5.3 5.6-5.3 5.5 5.3 5.6-5.3 5.4 5.4h.2L850 .4l5.5 5.3 5.6-5.3 5.5 5.3 5.6-5.3 5.4 5.3 5.6-5.3 5.5 5.3 5.6-5.3 5.5 5.4h.2l5.6-5.4 5.4 5.3 5.7-5.3 5.4 5.3 5.6-5.3 5.5 5.3 5.6-5.3 5.5 5.4h.1l5.7-5.4 5.4 5.3 5.6-5.3 5.5 5.3 5.6-5.3 5.5 5.3 5.6-5.3 5.4 5.3 5.6-5.3 5.5 5.4h.2l5.6-5.4 5.5 5.3 5.6-5.3 5.4 5.3 5.6-5.3 5.5 5.3 5.6-5.3 5.5 5.4h.2l5.6-5.4 5.4 5.3 5.7-5.3 5.4 5.3 5.6-5.3 5.5 5.3 5.6-5.3 5.5 5.3 5.6-5.3 5.4 5.4h.2l5.6-5.4 5.5 5.3 5.6-5.3 5.5 5.3 5.6-5.3 5.4 5.3 5.6-5.3 5.5 5.4h.2l5.6-5.4 5.5 5.3 5.6-5.3 5.4 5.3 5.6-5.3 5.5 5.3 5.6-5.3 5.5 5.3 5.6-5.3 5.5 5.4h.1l5.7-5.4 5.4 5.3 5.6-5.3 5.5 5.3 5.6-5.3 5.5 5.3 5.6-5.3 5.4 5.4h.2l5.6-5.4 5.5 5.3 5.6-5.3 5.5 5.3 5.6-5.3 5.4 5.3 5.6-5.3 5.5 5.3 5.6-5.3 5.5 5.4h.2l5.6-5.4 5.4 5.3 5.6-5.3 5.5 5.3 5.6-5.3 5.5 5.3 5.6-5.3 5.5 5.4h.1l5.7-5.4 5.4 5.3 5.6-5.3 5.5 5.3 5.6-5.3 5.5 5.3 5.6-5.3 5.4 5.3 5.6-5.3 5.5 5.4h.2l5.6-5.4 5.5 5.3 5.6-5.3 5.4 5.3 5.6-5.3 5.5 5.3 5.6-5.3 5.5 5.4h.2l5.6-5.4 5.4 5.3 5.6-5.3 5.5 5.3 5.6-5.3 5.5 5.3 5.6-5.3 5.4 5.3 5.7-5.3 5.4 5.4h.2l5.6-5.4 5.5 5.3 5.6-5.3 5.5 5.3 5.6-5.3 5.4 5.3 5.6-5.3 5.5 5.4h.2l5.6-5.4 5.5 5.3 5.6-5.3 5.4 5.3 5.6-5.3 5.5 5.3 5.6-5.3 5.5 5.3 5.6-5.3 5.5 5.4h.1l5.6-5.4 5.5 5.3 5.6-5.3 5.5 5.3 5.6-5.3 5.4 5.3 5.7-5.3 5.4 5.4h.2l5.6-5.4 5.5 5.3 5.6-5.3 5.5 5.3 5.6-5.3 5.4 5.3 5.6-5.3 5.5 5.3 5.6-5.3 5.5 5.4h.1l5.7-5.4 5.4 5.3 5.6-5.3 5.5 5.3 5.6-5.3 5.5 5.3 5.6-5.3 5.5 5.4h.1l5.6-5.4 5.5 5.3 5.6-5.3 5.5 5.3 5.6-5.3 5.4 5.3 5.7-5.3 5.4 5.3 5.6-5.3 5.5 5.4V0H-.2v5.8z\"\/>\n<\/svg>\n\t\t<\/div>\n\t\t\t\t<div class=\"elementor-shape elementor-shape-bottom\" aria-hidden=\"true\" data-negative=\"false\">\n\t\t\t<svg xmlns=\"http:\/\/www.w3.org\/2000\/svg\" viewBox=\"0 0 1000 100\" preserveAspectRatio=\"none\">\n\t<path class=\"elementor-shape-fill\" d=\"M0,6V0h1000v100L0,6z\"\/>\n<\/svg>\t\t<\/div>\n\t\t<div class=\"elementor-element elementor-element-5721910 e-con-full e-flex e-con e-child\" data-id=\"5721910\" data-element_type=\"container\">\n\t\t\t\t<div class=\"elementor-element elementor-element-0092f27 elementor-widget elementor-widget-image\" data-id=\"0092f27\" data-element_type=\"widget\" data-widget_type=\"image.default\">\n\t\t\t\t\t\t\t\t\t\t\t\t\t\t\t<img fetchpriority=\"high\" decoding=\"async\" width=\"800\" height=\"599\" src=\"https:\/\/beckers.ind.br\/wp-content\/uploads\/2026\/01\/imagem-site.png\" class=\"attachment-large size-large wp-image-734\" alt=\"\" srcset=\"https:\/\/beckers.ind.br\/wp-content\/uploads\/2026\/01\/imagem-site.png 1025w, https:\/\/beckers.ind.br\/wp-content\/uploads\/2026\/01\/imagem-site-300x225.png 300w, https:\/\/beckers.ind.br\/wp-content\/uploads\/2026\/01\/imagem-site-768x575.png 768w\" sizes=\"(max-width: 800px) 100vw, 800px\" \/>\t\t\t\t\t\t\t\t\t\t\t\t\t\t\t<\/div>\n\t\t\t\t<\/div>\n\t\t<div class=\"elementor-element elementor-element-d05bbbe e-con-full e-flex e-con e-child\" data-id=\"d05bbbe\" data-element_type=\"container\">\n\t\t\t\t<div class=\"elementor-element elementor-element-d2f2aed elementor-widget elementor-widget-heading\" data-id=\"d2f2aed\" data-element_type=\"widget\" data-widget_type=\"heading.default\">\n\t\t\t\t\t<h2 class=\"elementor-heading-title elementor-size-default\">VANTAGENS DE AUTOMATIZAR <\/h2>\t\t\t\t<\/div>\n\t\t\t\t<div class=\"elementor-element elementor-element-b6090dd elementor-widget elementor-widget-heading\" data-id=\"b6090dd\" data-element_type=\"widget\" data-widget_type=\"heading.default\">\n\t\t\t\t\t<h2 class=\"elementor-heading-title elementor-size-default\">Projetos Personalizados de Automa\u00e7\u00e3o Industrial<\/h2>\t\t\t\t<\/div>\n\t\t\t\t<div class=\"elementor-element elementor-element-d95f1e4 elementor-widget elementor-widget-text-editor\" data-id=\"d95f1e4\" data-element_type=\"widget\" data-widget_type=\"text-editor.default\">\n\t\t\t\t\t\t\t\t\t<p>A automa\u00e7\u00e3o de processos industriais permite maior <strong data-start=\"204\" data-end=\"228\">controle operacional<\/strong>, <strong data-start=\"230\" data-end=\"246\">padroniza\u00e7\u00e3o<\/strong>, <strong data-start=\"248\" data-end=\"261\">seguran\u00e7a<\/strong> e <strong data-start=\"264\" data-end=\"295\">confiabilidade dos sistemas<\/strong>, reduzindo falhas e otimizando o desempenho das opera\u00e7\u00f5es. A <strong data-start=\"357\" data-end=\"378\">Beckers Automa\u00e7\u00e3o<\/strong> desenvolve solu\u00e7\u00f5es <strong data-start=\"399\" data-end=\"417\">personalizadas<\/strong>, projetadas conforme as necessidades de cada processo, seguindo <strong data-start=\"482\" data-end=\"501\">normas t\u00e9cnicas<\/strong> e elevados <strong data-start=\"513\" data-end=\"537\">padr\u00f5es de qualidade<\/strong>.<\/p>\t\t\t\t\t\t\t\t<\/div>\n\t\t\t\t<\/div>\n\t\t\t\t\t<\/div>\n\t\t\t\t<\/div>\n\t\t<div class=\"elementor-element elementor-element-e7289c9 e-flex e-con-boxed e-con e-parent\" data-id=\"e7289c9\" data-element_type=\"container\">\n\t\t\t\t\t<div class=\"e-con-inner\">\n\t\t\t\t<div class=\"elementor-element elementor-element-019e390 elementor-widget elementor-widget-heading\" data-id=\"019e390\" data-element_type=\"widget\" data-widget_type=\"heading.default\">\n\t\t\t\t\t<h2 class=\"elementor-heading-title elementor-size-default\">\nNossas solu\u00e7\u00f5es de Automa\u00e7\u00e3o para sua Ind\u00fastria <\/h2>\t\t\t\t<\/div>\n\t\t\t\t\t<\/div>\n\t\t\t\t<\/div>\n\t\t<div class=\"elementor-element elementor-element-e78f99a e-flex e-con-boxed e-con e-parent\" data-id=\"e78f99a\" data-element_type=\"container\">\n\t\t\t\t\t<div class=\"e-con-inner\">\n\t\t\t\t<div class=\"elementor-element elementor-element-6fda6bb elementor-widget elementor-widget-heading\" data-id=\"6fda6bb\" data-element_type=\"widget\" data-widget_type=\"heading.default\">\n\t\t\t\t\t<h2 class=\"elementor-heading-title elementor-size-default\">Ind\u00fastria Aliment\u00edcia <\/h2>\t\t\t\t<\/div>\n\t\t\t\t<div class=\"elementor-element elementor-element-efa5ca1 elementor-widget elementor-widget-text-editor\" data-id=\"efa5ca1\" data-element_type=\"widget\" data-widget_type=\"text-editor.default\">\n\t\t\t\t\t\t\t\t\t<p>A Beckers Automa\u00e7\u00e3o oferece solu\u00e7\u00f5es de automa\u00e7\u00e3o para a <strong data-start=\"275\" data-end=\"300\">ind\u00fastria aliment\u00edcia<\/strong>, garantindo <strong data-start=\"313\" data-end=\"385\">controle de processos, seguran\u00e7a operacional e efici\u00eancia energ\u00e9tica<\/strong>. Atuamos na automa\u00e7\u00e3o de <strong data-start=\"411\" data-end=\"450\">Esta\u00e7\u00f5es de Tratamento de Efluentes<\/strong>, <strong data-start=\"452\" data-end=\"484\">Unidades de Tratamento de Ar<\/strong>, <strong data-start=\"486\" data-end=\"512\">Compressores de Am\u00f4nia<\/strong> e sistemas de <strong data-start=\"527\" data-end=\"553\">termometria industrial<\/strong>, assegurando monitoramento preciso e conformidade com normas t\u00e9cnicas e sanit\u00e1rias<\/p>\t\t\t\t\t\t\t\t<\/div>\n\t\t\t\t\t<\/div>\n\t\t\t\t<\/div>\n\t\t<div class=\"elementor-element elementor-element-7232038 e-flex e-con-boxed e-con e-parent\" data-id=\"7232038\" data-element_type=\"container\">\n\t\t\t\t\t<div class=\"e-con-inner\">\n\t\t<div class=\"elementor-element elementor-element-e56408b e-con-full e-flex e-con e-child\" data-id=\"e56408b\" data-element_type=\"container\">\n\t\t\t\t<div class=\"elementor-element elementor-element-55cee8c elementor-widget elementor-widget-image\" data-id=\"55cee8c\" data-element_type=\"widget\" data-widget_type=\"image.default\">\n\t\t\t\t\t\t\t\t\t\t\t\t\t\t\t<img decoding=\"async\" width=\"1021\" height=\"598\" src=\"https:\/\/beckers.ind.br\/wp-content\/uploads\/2026\/03\/WhatsApp-Image-2026-03-12-at-12.31.14.jpeg\" class=\"attachment-full size-full wp-image-1251\" alt=\"\" srcset=\"https:\/\/beckers.ind.br\/wp-content\/uploads\/2026\/03\/WhatsApp-Image-2026-03-12-at-12.31.14.jpeg 1021w, https:\/\/beckers.ind.br\/wp-content\/uploads\/2026\/03\/WhatsApp-Image-2026-03-12-at-12.31.14-300x176.jpeg 300w, https:\/\/beckers.ind.br\/wp-content\/uploads\/2026\/03\/WhatsApp-Image-2026-03-12-at-12.31.14-768x450.jpeg 768w\" sizes=\"(max-width: 1021px) 100vw, 1021px\" \/>\t\t\t\t\t\t\t\t\t\t\t\t\t\t\t<\/div>\n\t\t\t\t<\/div>\n\t\t<div class=\"elementor-element elementor-element-005fa29 e-con-full e-flex e-con e-child\" data-id=\"005fa29\" data-element_type=\"container\">\n\t\t\t\t<div class=\"elementor-element elementor-element-95da877 elementor-widget elementor-widget-image\" data-id=\"95da877\" data-element_type=\"widget\" data-widget_type=\"image.default\">\n\t\t\t\t\t\t\t\t\t\t\t\t\t\t\t<img decoding=\"async\" width=\"1600\" height=\"899\" src=\"https:\/\/beckers.ind.br\/wp-content\/uploads\/2026\/03\/WhatsApp-Image-2026-03-12-at-12.31.14-1.jpeg\" class=\"attachment-2048x2048 size-2048x2048 wp-image-1250\" alt=\"\" srcset=\"https:\/\/beckers.ind.br\/wp-content\/uploads\/2026\/03\/WhatsApp-Image-2026-03-12-at-12.31.14-1.jpeg 1600w, https:\/\/beckers.ind.br\/wp-content\/uploads\/2026\/03\/WhatsApp-Image-2026-03-12-at-12.31.14-1-300x169.jpeg 300w, https:\/\/beckers.ind.br\/wp-content\/uploads\/2026\/03\/WhatsApp-Image-2026-03-12-at-12.31.14-1-1024x575.jpeg 1024w, https:\/\/beckers.ind.br\/wp-content\/uploads\/2026\/03\/WhatsApp-Image-2026-03-12-at-12.31.14-1-768x432.jpeg 768w, https:\/\/beckers.ind.br\/wp-content\/uploads\/2026\/03\/WhatsApp-Image-2026-03-12-at-12.31.14-1-1536x863.jpeg 1536w\" sizes=\"(max-width: 1600px) 100vw, 1600px\" \/>\t\t\t\t\t\t\t\t\t\t\t\t\t\t\t<\/div>\n\t\t\t\t<\/div>\n\t\t<div class=\"elementor-element elementor-element-353f1d3 e-con-full e-flex e-con e-child\" data-id=\"353f1d3\" data-element_type=\"container\">\n\t\t\t\t<div class=\"elementor-element elementor-element-9eeb082 elementor-widget elementor-widget-image\" data-id=\"9eeb082\" data-element_type=\"widget\" data-widget_type=\"image.default\">\n\t\t\t\t\t\t\t\t\t\t\t\t\t\t\t<img loading=\"lazy\" decoding=\"async\" width=\"800\" height=\"450\" src=\"https:\/\/beckers.ind.br\/wp-content\/uploads\/2026\/03\/WhatsApp-Image-2026-03-12-at-12.31.13-1024x576.jpeg\" class=\"attachment-large size-large wp-image-1249\" alt=\"\" srcset=\"https:\/\/beckers.ind.br\/wp-content\/uploads\/2026\/03\/WhatsApp-Image-2026-03-12-at-12.31.13-1024x576.jpeg 1024w, https:\/\/beckers.ind.br\/wp-content\/uploads\/2026\/03\/WhatsApp-Image-2026-03-12-at-12.31.13-300x169.jpeg 300w, https:\/\/beckers.ind.br\/wp-content\/uploads\/2026\/03\/WhatsApp-Image-2026-03-12-at-12.31.13-768x432.jpeg 768w, https:\/\/beckers.ind.br\/wp-content\/uploads\/2026\/03\/WhatsApp-Image-2026-03-12-at-12.31.13.jpeg 1280w\" sizes=\"(max-width: 800px) 100vw, 800px\" \/>\t\t\t\t\t\t\t\t\t\t\t\t\t\t\t<\/div>\n\t\t\t\t<\/div>\n\t\t<div class=\"elementor-element elementor-element-b9481e2 e-con-full e-flex e-con e-child\" data-id=\"b9481e2\" data-element_type=\"container\">\n\t\t\t\t<div class=\"elementor-element elementor-element-0410a0e elementor-widget elementor-widget-image\" data-id=\"0410a0e\" data-element_type=\"widget\" data-widget_type=\"image.default\">\n\t\t\t\t\t\t\t\t\t\t\t\t\t\t\t<img loading=\"lazy\" decoding=\"async\" width=\"795\" height=\"481\" src=\"https:\/\/beckers.ind.br\/wp-content\/uploads\/2026\/03\/WhatsApp-Image-2026-03-12-at-12.31.13-1.jpeg\" class=\"attachment-full size-full wp-image-1248\" alt=\"\" srcset=\"https:\/\/beckers.ind.br\/wp-content\/uploads\/2026\/03\/WhatsApp-Image-2026-03-12-at-12.31.13-1.jpeg 795w, https:\/\/beckers.ind.br\/wp-content\/uploads\/2026\/03\/WhatsApp-Image-2026-03-12-at-12.31.13-1-300x182.jpeg 300w, https:\/\/beckers.ind.br\/wp-content\/uploads\/2026\/03\/WhatsApp-Image-2026-03-12-at-12.31.13-1-768x465.jpeg 768w\" sizes=\"(max-width: 795px) 100vw, 795px\" \/>\t\t\t\t\t\t\t\t\t\t\t\t\t\t\t<\/div>\n\t\t\t\t<\/div>\n\t\t\t\t\t<\/div>\n\t\t\t\t<\/div>\n\t\t<div class=\"elementor-element elementor-element-80fa03e e-flex e-con-boxed e-con e-parent\" data-id=\"80fa03e\" data-element_type=\"container\">\n\t\t\t\t\t<div class=\"e-con-inner\">\n\t\t\t\t<div class=\"elementor-element elementor-element-7f21d98 elementor-widget elementor-widget-heading\" data-id=\"7f21d98\" data-element_type=\"widget\" data-widget_type=\"heading.default\">\n\t\t\t\t\t<h2 class=\"elementor-heading-title elementor-size-default\">Minera\u00e7\u00e3o <\/h2>\t\t\t\t<\/div>\n\t\t\t\t<div class=\"elementor-element elementor-element-0bbad2d elementor-widget elementor-widget-text-editor\" data-id=\"0bbad2d\" data-element_type=\"widget\" data-widget_type=\"text-editor.default\">\n\t\t\t\t\t\t\t\t\t<p data-start=\"658\" data-end=\"955\">Na <strong data-start=\"661\" data-end=\"674\">minera\u00e7\u00e3o<\/strong>, desenvolvemos solu\u00e7\u00f5es de automa\u00e7\u00e3o robustas para ambientes industriais severos. Atuamos na automa\u00e7\u00e3o de <strong data-start=\"781\" data-end=\"809\">britagens de mineradoras<\/strong>, <strong data-start=\"811\" data-end=\"832\">usinas de asfalto<\/strong> e <strong data-start=\"835\" data-end=\"853\">usinas de base<\/strong>, promovendo <strong data-start=\"866\" data-end=\"954\">maior produtividade, confiabilidade operacional e redu\u00e7\u00e3o de paradas n\u00e3o programadas<\/strong>.<\/p>\t\t\t\t\t\t\t\t<\/div>\n\t\t\t\t\t<\/div>\n\t\t\t\t<\/div>\n\t\t<div class=\"elementor-element elementor-element-9bdf8fb e-flex e-con-boxed e-con e-parent\" data-id=\"9bdf8fb\" data-element_type=\"container\">\n\t\t\t\t\t<div class=\"e-con-inner\">\n\t\t<div class=\"elementor-element elementor-element-3ad51fc e-con-full e-flex e-con e-child\" data-id=\"3ad51fc\" data-element_type=\"container\">\n\t\t\t\t<div class=\"elementor-element elementor-element-f6520ea elementor-widget elementor-widget-image\" data-id=\"f6520ea\" data-element_type=\"widget\" data-widget_type=\"image.default\">\n\t\t\t\t\t\t\t\t\t\t\t\t\t\t\t<img decoding=\"async\" src=\"https:\/\/beckers.ind.br\/wp-content\/plugins\/elementor\/assets\/images\/placeholder.png\" title=\"\" alt=\"\" loading=\"lazy\" \/>\t\t\t\t\t\t\t\t\t\t\t\t\t\t\t<\/div>\n\t\t\t\t<\/div>\n\t\t<div class=\"elementor-element elementor-element-5a5f252 e-con-full e-flex e-con e-child\" data-id=\"5a5f252\" data-element_type=\"container\">\n\t\t\t\t<div class=\"elementor-element elementor-element-6408e19 elementor-widget elementor-widget-image\" data-id=\"6408e19\" data-element_type=\"widget\" data-widget_type=\"image.default\">\n\t\t\t\t\t\t\t\t\t\t\t\t\t\t\t<img decoding=\"async\" src=\"https:\/\/beckers.ind.br\/wp-content\/plugins\/elementor\/assets\/images\/placeholder.png\" title=\"\" alt=\"\" loading=\"lazy\" \/>\t\t\t\t\t\t\t\t\t\t\t\t\t\t\t<\/div>\n\t\t\t\t<\/div>\n\t\t<div class=\"elementor-element elementor-element-1468aa5 e-con-full e-flex e-con e-child\" data-id=\"1468aa5\" data-element_type=\"container\">\n\t\t\t\t<div class=\"elementor-element elementor-element-eb49773 elementor-widget elementor-widget-image\" data-id=\"eb49773\" data-element_type=\"widget\" data-widget_type=\"image.default\">\n\t\t\t\t\t\t\t\t\t\t\t\t\t\t\t<img decoding=\"async\" src=\"https:\/\/beckers.ind.br\/wp-content\/plugins\/elementor\/assets\/images\/placeholder.png\" title=\"\" alt=\"\" loading=\"lazy\" \/>\t\t\t\t\t\t\t\t\t\t\t\t\t\t\t<\/div>\n\t\t\t\t<\/div>\n\t\t<div class=\"elementor-element elementor-element-63be4b3 e-con-full e-flex e-con e-child\" data-id=\"63be4b3\" data-element_type=\"container\">\n\t\t\t\t<div class=\"elementor-element elementor-element-11be473 elementor-widget elementor-widget-image\" data-id=\"11be473\" data-element_type=\"widget\" data-widget_type=\"image.default\">\n\t\t\t\t\t\t\t\t\t\t\t\t\t\t\t<img decoding=\"async\" src=\"https:\/\/beckers.ind.br\/wp-content\/plugins\/elementor\/assets\/images\/placeholder.png\" title=\"\" alt=\"\" loading=\"lazy\" \/>\t\t\t\t\t\t\t\t\t\t\t\t\t\t\t<\/div>\n\t\t\t\t<\/div>\n\t\t\t\t\t<\/div>\n\t\t\t\t<\/div>\n\t\t<div class=\"elementor-element elementor-element-30592ae e-flex e-con-boxed e-con e-parent\" data-id=\"30592ae\" data-element_type=\"container\">\n\t\t\t\t\t<div class=\"e-con-inner\">\n\t\t\t\t<div class=\"elementor-element elementor-element-031ca83 elementor-widget elementor-widget-heading\" data-id=\"031ca83\" data-element_type=\"widget\" data-widget_type=\"heading.default\">\n\t\t\t\t\t<h2 class=\"elementor-heading-title elementor-size-default\">Ind\u00fastria de Refrigera\u00e7\u00e3o <\/h2>\t\t\t\t<\/div>\n\t\t\t\t<div class=\"elementor-element elementor-element-6755463 elementor-widget elementor-widget-text-editor\" data-id=\"6755463\" data-element_type=\"widget\" data-widget_type=\"text-editor.default\">\n\t\t\t\t\t\t\t\t\t<p>A Beckers Automa\u00e7\u00e3o \u00e9 especializada na automa\u00e7\u00e3o de processos da <strong data-start=\"1057\" data-end=\"1086\">ind\u00fastria de refrigera\u00e7\u00e3o<\/strong>, com foco em <strong data-start=\"1100\" data-end=\"1126\">seguran\u00e7a e efici\u00eancia<\/strong>. Automatizamos <strong data-start=\"1142\" data-end=\"1163\">salas de m\u00e1quinas<\/strong>, <strong data-start=\"1165\" data-end=\"1182\">c\u00e2maras frias<\/strong> e sistemas de <strong data-start=\"1197\" data-end=\"1219\">detec\u00e7\u00e3o de am\u00f4nia<\/strong>, garantindo controle preciso, monitoramento cont\u00ednuo e opera\u00e7\u00e3o segura das instala\u00e7\u00f5es.<\/p>\t\t\t\t\t\t\t\t<\/div>\n\t\t\t\t\t<\/div>\n\t\t\t\t<\/div>\n\t\t<div class=\"elementor-element elementor-element-90ba097 e-flex e-con-boxed e-con e-parent\" data-id=\"90ba097\" data-element_type=\"container\">\n\t\t\t\t\t<div class=\"e-con-inner\">\n\t\t<div class=\"elementor-element elementor-element-af5e57d e-con-full e-flex e-con e-child\" data-id=\"af5e57d\" data-element_type=\"container\">\n\t\t\t\t<div class=\"elementor-element elementor-element-6e2f4ea elementor-widget elementor-widget-image\" data-id=\"6e2f4ea\" data-element_type=\"widget\" data-widget_type=\"image.default\">\n\t\t\t\t\t\t\t\t\t\t\t\t\t\t\t<img decoding=\"async\" src=\"https:\/\/beckers.ind.br\/wp-content\/plugins\/elementor\/assets\/images\/placeholder.png\" title=\"\" alt=\"\" loading=\"lazy\" \/>\t\t\t\t\t\t\t\t\t\t\t\t\t\t\t<\/div>\n\t\t\t\t<\/div>\n\t\t<div class=\"elementor-element elementor-element-04c5cf8 e-con-full e-flex e-con e-child\" data-id=\"04c5cf8\" data-element_type=\"container\">\n\t\t\t\t<div class=\"elementor-element elementor-element-eb50e30 elementor-widget elementor-widget-image\" data-id=\"eb50e30\" data-element_type=\"widget\" data-widget_type=\"image.default\">\n\t\t\t\t\t\t\t\t\t\t\t\t\t\t\t<img decoding=\"async\" src=\"https:\/\/beckers.ind.br\/wp-content\/plugins\/elementor\/assets\/images\/placeholder.png\" title=\"\" alt=\"\" loading=\"lazy\" \/>\t\t\t\t\t\t\t\t\t\t\t\t\t\t\t<\/div>\n\t\t\t\t<\/div>\n\t\t<div class=\"elementor-element elementor-element-eec0b80 e-con-full e-flex e-con e-child\" data-id=\"eec0b80\" data-element_type=\"container\">\n\t\t\t\t<div class=\"elementor-element elementor-element-267b464 elementor-widget elementor-widget-image\" data-id=\"267b464\" data-element_type=\"widget\" data-widget_type=\"image.default\">\n\t\t\t\t\t\t\t\t\t\t\t\t\t\t\t<img decoding=\"async\" src=\"https:\/\/beckers.ind.br\/wp-content\/plugins\/elementor\/assets\/images\/placeholder.png\" title=\"\" alt=\"\" loading=\"lazy\" \/>\t\t\t\t\t\t\t\t\t\t\t\t\t\t\t<\/div>\n\t\t\t\t<\/div>\n\t\t<div class=\"elementor-element elementor-element-e638ca5 e-con-full e-flex e-con e-child\" data-id=\"e638ca5\" data-element_type=\"container\">\n\t\t\t\t<div class=\"elementor-element elementor-element-cd0cfa1 elementor-widget elementor-widget-image\" data-id=\"cd0cfa1\" data-element_type=\"widget\" data-widget_type=\"image.default\">\n\t\t\t\t\t\t\t\t\t\t\t\t\t\t\t<img decoding=\"async\" src=\"https:\/\/beckers.ind.br\/wp-content\/plugins\/elementor\/assets\/images\/placeholder.png\" title=\"\" alt=\"\" loading=\"lazy\" \/>\t\t\t\t\t\t\t\t\t\t\t\t\t\t\t<\/div>\n\t\t\t\t<\/div>\n\t\t\t\t\t<\/div>\n\t\t\t\t<\/div>\n\t\t\t\t<\/div>\n\t\t","protected":false},"excerpt":{"rendered":"<p>VANTAGENS DE AUTOMATIZAR Projetos Personalizados de Automa\u00e7\u00e3o Industrial A automa\u00e7\u00e3o de processos industriais permite maior controle operacional, padroniza\u00e7\u00e3o, seguran\u00e7a e confiabilidade dos sistemas, reduzindo falhas e otimizando o desempenho das opera\u00e7\u00f5es. A Beckers Automa\u00e7\u00e3o desenvolve solu\u00e7\u00f5es personalizadas, projetadas conforme as necessidades de cada processo, seguindo normas t\u00e9cnicas e elevados padr\u00f5es de qualidade. Nossas solu\u00e7\u00f5es de [&hellip;]<\/p>\n","protected":false},"author":1,"featured_media":0,"parent":20,"menu_order":0,"comment_status":"closed","ping_status":"closed","template":"elementor_header_footer","meta":{"footnotes":""},"class_list":["post-33","page","type-page","status-publish","hentry"],"_links":{"self":[{"href":"https:\/\/beckers.ind.br\/index.php?rest_route=\/wp\/v2\/pages\/33","targetHints":{"allow":["GET"]}}],"collection":[{"href":"https:\/\/beckers.ind.br\/index.php?rest_route=\/wp\/v2\/pages"}],"about":[{"href":"https:\/\/beckers.ind.br\/index.php?rest_route=\/wp\/v2\/types\/page"}],"author":[{"embeddable":true,"href":"https:\/\/beckers.ind.br\/index.php?rest_route=\/wp\/v2\/users\/1"}],"replies":[{"embeddable":true,"href":"https:\/\/beckers.ind.br\/index.php?rest_route=%2Fwp%2Fv2%2Fcomments&post=33"}],"version-history":[{"count":124,"href":"https:\/\/beckers.ind.br\/index.php?rest_route=\/wp\/v2\/pages\/33\/revisions"}],"predecessor-version":[{"id":1380,"href":"https:\/\/beckers.ind.br\/index.php?rest_route=\/wp\/v2\/pages\/33\/revisions\/1380"}],"up":[{"embeddable":true,"href":"https:\/\/beckers.ind.br\/index.php?rest_route=\/wp\/v2\/pages\/20"}],"wp:attachment":[{"href":"https:\/\/beckers.ind.br\/index.php?rest_route=%2Fwp%2Fv2%2Fmedia&parent=33"}],"curies":[{"name":"wp","href":"https:\/\/api.w.org\/{rel}","templated":true}]}}